 16*l - 501. Let x(a) = -6*d(a) + 17*n(a). Determine x(15).
2
Let j(w) = 14 + 14 - 2*w + w - 53 + 14. Suppose -14*o - 91 - 77 = 0. Determine j(o).
1
Let i be (-7 + 29/4)/(2/24). Let w(z) = -2 + 2437*z**3 + 4*z**2 + 4 - 2438*z**i. Determine w(4).
2
Let p be 0 + (-6)/(-12) - (6 - 161/14). Let g(c) = c**2 - 30*c + 139. What is g(p)?
-5
Suppose -16*n - 637 = 75*n. Let v(i) = 2*i**2 + 8*i - 38. What is v(n)?
4
Suppose -p = -4*y + 19, -5*y - 4*p + 24 = -y. Suppose -2*w = -5*o + 15, y*o + 4*w - 5 = -20. Let u(c) = -25*c**3 + 2*c - 1. Give u(o).
-24
Let s(j) = j**3 - 35*j**2 - 38*j + 76. Let p(d) = 2*d**3 - 10*d**2 - 23*d + 1. Let u be p(7). What is s(u)?
4
Suppose 0 = 27*b - 20*b - 41209. Let j(c) = -2*c**3 + 5887 + c**2 - c - b. Give j(1).
-2
Let l(b) = -23*b + 3471*b**3 - 18*b - 3470*b**3 + 7*b**2 + 25*b - 312 - 29*b. Give l(-6).
-6
Suppose -2*o - x = 0, -4*o - 4*x = -3*x - 4. Suppose -5*v = -o*v. Let n(c) be the second derivative of -c**5/20 - c**3/6 - 2*c**2 + 773*c + 2. What is n(v)?
-4
Suppose 21*q = 2388 - 2304. Let t(p) = p**3 - 4*p**2 - 5*p + 17. Calculate t(q).
-3
Let l(q) = 2*q**2 + 7*q + 4. Let i(w) = w**3 + 18*w**2 - 20*w - 23. Let a be i(-19). Let h be 13/(39/(-18)) - a. Let p(g) = -g**2. Let n be p(h). Give l(n).
8
Let p be (-1)/(-1 - -2)*(80/4 - 10) + 6. Let j(a) = 0*a - 2 + a**3 + 0*a + 3*a**2. Determine j(p).
-18
Let d(s) = 16*s - 300. Let u be d(19). Let f = 7 - 5. Let v(m) = -3*m + 2*m**2 - 1 + f + 0 - m**2. What is v(u)?
5
Let m(k) = -5*k**3 + 17*k**2 - 36*k - 13. Let i(u) = 3*u**3 - 11*u**2 + 23*u + 9. Let t(g) = -8*i(g) - 5*m(g). Determine t(0).
-7
Suppose 3*v = -3*v + 6. Let g be -33*(-2)/18*3/v. Let d(u) = g + 9 - 20 - 2*u. Determine d(1).
-2
Let u be (-18)/12 + (-82)/(-4) - 12. Let i(p) = -86*p + 594. Give i(u).
-8
Let h(x) be the second derivative of -x**4/6 + 16*x**3/3 - 23*x**2/2 + 5*x + 183. What is h(16)?
-23
Let l be (3 - 1)/((-10)/45). Let c(d) = -d**3 + 120 + 121 - 8*d**2 + 9*d - 248. Give c(l).
-7
Let b(o) = o. Let d be (80/(-24))/(4/(-6)). Suppose 2*q + 3 = -0*q - 3*u, 3*u - 39 = d*q. Let a be b(q). Let t(z) = 2*z + 3. Determine t(a).
-9
Let t(z) = 6*z**2 + 5*z + 13. Let i(m) = -7*m**2 - 4*m - 12. Suppose 9*x = 19 + 26. Let f(d) = x*i(d) + 6*t(d). Calculate f(-6).
-6
Let l be 18/(-90) + 46/5. Let a(b) be the third derivative of b**6/120 - b**5/6 + 5*b**4/12 - 5*b**3/3 - 4*b**2 - 90. Give a(l).
-1
Let a(z) be the second derivative of -z**6/120 - z**5/20 + 7*z**4/24 + 3*z**3/2 + 13*z**2/2 - 27*z - 2. Let y(l) be the first derivative of a(l). Give y(-4).
-3
Let q(x) be the first derivative of -x**4/4 + 8*x**3/3 - 9*x**2/2 + 3*x - 9366. Determine q(6).
21
Suppose -h - 64 = 5*t, -589*h + 592*h + 5*t = -62. Let y(a) be the third derivative of 7*a**6/120 + a**4/24 - a**3/6 - a**2. Calculate y(h).
7
Let m(u) = 2*u - 7. Suppose -21*g - 130 = -19*g. Let z = g + 47. Let a(t) = t**3 + 18*t**2 + 6. Let j be a(z). Calculate m(j).
5
Let s(z) be the third derivative of 3*z**4/8 - 73*z**3/6 + 839*z**2. Calculate s(10).
17
Let i(w) = 6*w - 31. Suppose -606 = -265*u + 1310 + 204. What is i(u)?
17
Let m(n) = n**2 + 4*n. Let h be -5*(-1 - (-70)/(-25)). Suppose -36 - 40 = h*o. Calculate m(o).
0
Let m(a) = 32*a + 276. Let f(o) = 29*o + 266. Let y(g) = -7*f(g) + 6*m(g). Calculate y(-19).
3
Let q be (12 + 4 - 1)*1. Let h(p) = -163*p + 162*p + q*p**2 - 7*p**3 - 2 + 1. Let n(m) = -6*m**3 + 14*m**2 - m. Let x(t) = -5*h(t) + 6*n(t). Determine x(9).
-4
Suppose -5*n - 4*k + 3 + 1 = 0, k - 4 = -2*n. Let c(u) = 3 - 3 + 2*u + 2 - n. Give c(-4).
-10
Suppose -52*k + 109*k = -114. Let c(r) = 2*r**2 - 2*r - 13. Give c(k).
-1
Let c(u) = 17*u**2 + 17*u - 2. Let v(r) = 91*r**2 + 92*r - 11. Let l(y) = -11*c(y) + 2*v(y). Suppose 0 = d - 4 + 6. What is l(d)?
-14
Let w(d) = -d + 25. Let j be w(21). Suppose t - 14 = 5*s, 3*t - 3 = j*s - 16. Let m(y) = -y - 3. Determine m(t).
8
Let o(k) be the third derivative of k**6/120 + k**5/12 - 13*k**4/24 - 13*k**3/6 - 1055*k**2. Calculate o(-6).
29
Let u(n) be the second derivative of n**5/60 + n**4/12 - 2*n**3/3 + 23*n**2/2 + 50*n. Let c(o) be the first derivative of u(o). Calculate c(2).
4
Let j(n) = 7*n**2 + 5*n + 11. Let f(s) = -3*s**2 - 3*s - 5. Let t(m) = -9*f(m) - 4*j(m). Let k be (-606)/1313*-1*(-2 + 15). Determine t(k).
7
Let w(l) be the first derivative of -l**4/4 - l**3 - 2*l**2 + 2*l - 3085. Determine w(-3).
14
Let u(t) = t**2 - 80. Let a = 2988 - 2978. Give u(a).
20
Let k(w) be the second derivative of -w**4/12 - 2*w**3/3 - w**2/2 + w + 191. What is k(-5)?
-6
Suppose 3*c + 14 = -20*n + 24*n, 0 = -c - 3*n + 17. Let r(x) = -4*x + 12 + 1331*x**2 - 667*x**2 - 7*x - 663*x**c. Determine r(7).
-16
Let n(c) = -c**2 - 9*c + 23. Let b(l) = l**3 + 5*l**2 - 3*l + 7. Let d be b(-6). Let y be n(d). Let u(q) = 12*q**3 - 2*q + 1. Calculate u(y).
11
Let d = 359 - 358. Let l be (-1 - d)*(9 + -1 - 9). Let s(k) be the first derivative of k**4/4 - k**3/3 - k**2 + k + 1. Calculate s(l).
1
Let b(j) = 6*j + 10. Let u be b(6). Let d be u + (-5)/(5/1). Let q = 46 - d. Let y(i) = -9*i**3 + i**2 - i. What is y(q)?
-9
Let h be ((-2)/(-1))/(14/28) + 0. Suppose -x = 5*k + 25, 5*k = h*x - 3*x - 25. Let l(f) = 2*f - 5. What is l(k)?
-15
Let d be (3 + -8985)/2 + 4 + -3. Let p be 2/11 - d/110. Suppose -10*u = -19 - p. Let n(w) = 2*w - 6. What is n(u)?
6
Let v(l) = 6*l**3 + 2*l**2 - 52*l - 112. Let k(a) = -a**3 - a**2 + 2*a + 24. Let n(g) = -5*k(g) - v(g). What is n(8)?
8
Let k(l) = 137 + 861*l - 3013*l + 1036*l + 968*l. Give k(1).
-11
Let p(c) be the second derivative of 1/3*c**3 + 16*c + 1/20*c**5 + 0*c**2 + 1/2*c**4 + 1. Let w(r) = -r - 6. Let d be w(0). What is p(d)?
-12
Let s(q) = 2*q**3 - 4*q**2. Let y(c) be the third derivative of -c**5/60 - 13*c**4/24 - 11*c**3/2 - 22*c**2. Let g be y(-9). Determine s(g).
18
Let f(i) = -3*i**3 - 6*i**2 - 14*i + 1. Let o(l) = -5*l**3 - 11*l**2 - 27*l + 3. Let v(r) = 7*f(r) - 4*o(r). What is v(4)?
3
Let y(a) = 2 + 5 - 1 + 4*a - a. Suppose -83 = 29*n + 30 - 26. Calculate y(n).
-3
Let k(s) be the third derivative of -10*s**2 + 0*s**4 - 7/60*s**5 + 0 - 8*s + 1/6*s**3. What is k(-2)?
-27
Let i(x) be the third derivative of -x**4/8 - 17*x**3/6 - 32*x**2. Let y = 1265 - 1278. Calculate i(y).
22
Let p(f) = -f**3 - f**2 + 2*f - 1. Let v be (-3)/((-18)/13) + 9 + (-825)/90. Give p(v).
-9
Let k(n) = -20*n**2 - n + 2. Let t be 21/6*18/945*15. What is k(t)?
-19
Let o(r) = r**3 - 10*r**2 + r + 3. Let p(y) = -32*y - 120. Let b be p(-5). Suppose 24*h + b = 5*a + 19*h, 0 = 3*a + 2*h - 34. Calculate o(a).
13
Suppose 5*a - 39 = -9. Let s be (-2183)/(-259) + (a/14)/(-1). Let p(n) = n**2 - 5*n - 3. Determine p(s).
21
Suppose -53*n - 99*n - 2*n = -154. Let x(o) = -32*o - 3. Determine x(n).
-35
Let b(l) be the third derivative of l**4/24 - l**2. Let k(g) be the first derivative of -g**3/3 - 23*g**2/2 - 120*g + 34. Let c be k(-7). Calculate b(c).
-8
Let m(r) = -r**3 + 4*r**2 + 4*r - 9. Let u be ((-32)/(-24) - 0)*-18. Let t be (-1)/((-114)/u - 5). Determine m(t).
7
Let j(p) = p**2 - p - 49. Let h(x) = x**2 + 237*x + 1825. Let s be h(-8). Calculate j(s).
7
Let h(k) = -k**2 - 5*k - 8. Let n(g) = 6*g - 30. Let s be n(7). Let z be (s/(-8))/3*124/2. Let q = z - -25. What is h(q)?
-14
Let w(m) = -6*m**2 + 13*m + 57906 - 57909 - 2*m**3 + 14*m**2. Determine w(5).
12
Let j = -300 + 311. Let f(q) = -10*q**2 - 36*q - 57. Let n(w) = -2*w**2 - 7*w - 11. Let h(z) = j*n(z) - 2*f(z). What is h(-5)?
-32
Let l be 3/4 + 90/8 + -8 + -5. Let w(p) = 2*p**3 - 14*p**2 - 8*p + 1. Calculate w(l).
-7
Let f(l) be the third derivative of l**8/20160 + l**7/1008 - l**6/240 + l**5/60 + 11*l**3 + l**2 + 5. Let x(t) be the third derivative of f(t). What is x(-5)?
-3
Let x(c) = 3*c + 9. Let k(n) = -939*n + 466*n + 460*n - 38. Let w(g) = 2*k(g) + 9*x(g). Determine w(-5).
0
Let n(c) = -60*c - 585. Let m(b) = -30*b - 266. Let v(r) = -9*m(r) + 4*n(r). What is v(-3)?
-36
Let t(n) be the third derivative of -n**5/4 - 11*n**4/6 - n**3/6 - n**2 - 104*n + 22. What is t(-3)?
-4
Suppose 4*k - q = 29, -k + 3*q + 22 = 1. Let v(x) be the second derivative of -x**3/6 + 3*x**2 + 3*x + 420. Calculate v(k).
0
Let l(p) = -2*p**2 - 14*p + 70. Suppose 4*v = -d + 7, 4*v - 61 = d + 4*d. Determine l(v).
-18
Suppose -6 + 4 = 2*l. Let d(z) = -64*z - 27. Let a(c) = 21*c + 10. Let g(n)